en 42 is divided by (-11)/(-2 - 2 - -3)?
9
Suppose -2*t = 2*t - 168. Let o = 63 - t. What is the remainder when o is divided by 12?
9
Let u = -111 - -130. Calculate the remainder when 132 is divided by u.
18
Let a = 118 + -31. Suppose -3*f + 77 = 5*l, -2*l - a = -f - 4*f. What is the remainder when f is divided by 30/9*(3 + 0)?
9
Let m be (-2)/3 + 10/15. Suppose m*p + 2*p - 50 = 0. Suppose -q = -5*i + 5, -q - 3*i = 2*i - p. Calculate the remainder when 19 is divided by q.
9
What is the remainder when 70 is divided by 45/(-2)*16/(-20)?
16
Let t = 2 - 1. Let c(f) = 149*f**3 - 1. Let r be c(t). Suppose -2*q - 2*q + r = 4*k, 2*k - q - 59 = 0. Calculate the remainder when k is divided by 11.
10
Let p(f) = -2*f**2 - f - 1. Let u be p(-1). What is the remainder when 28 is divided by (u - (-3 + 11))*-1?
8
Suppose 5*w - 12 = w + 4*k, -w = -2*k - 2. Let o = 1 + w. What is the remainder when 19 is divided by o?
4
Suppose 7*x - 21 = 4*x. What is the remainder when x is divided by 2?
1
Let y = 65 - 42. What is the remainder when y is divided by 4?
3
Suppose 0 = -n - 1, 4*n = 8*d - 5*d - 508. What is the remainder when d is divided by 43?
39
Let s(o) = -8*o. What is the remainder when 63 is divided by s(-2)?
15
Suppose a - 3 = -5*f, -5*f + 2*f - 3*a = -9. Suppose f = -i - 1 + 6. Suppose g = 18 - i. Calculate the remainder when 25 is divided by g.
12
Let p(l) = 12*l - 9. What is the remainder when p(5) is divided by 27?
24
Let r(f) = -f**3 - 3*f**2 - f - 4. Let m be -1 + (-21)/3*2. Let g be m/(-5)*8/(-6). What is the remainder when 30 is divided by r(g)?
14
Suppose 0*n = n + 1. Suppose -2*s = 3*p - 37, -3*p - 2*p + 61 = 4*s. What is the remainder when (51/6 - n)*4 is divided by p?
12
Let c(i) = 11*i**2 - i + 1. Calculate the remainder when c(1) is divided by 2/(-8) + 204/48.
3
Suppose 0*c + 3*c = 75. Let l = -10 - c. Let o = -19 - l. Calculate the remainder when 47 is divided by o.
15
What is the remainder when 137 is divided by 1*39 - (-40)/(-10)?
32
Let t = 26 - 0. What is the remainder when t is divided by 8?
2
Calculate the remainder when 49 is divided by (-1)/(-2)*(21 + 5).
10
Suppose -7*v + 5*v + 70 = 0. Calculate the remainder when v is divided by 10.
5
Let o(z) = 10*z. Let r be o(4). Suppose 2*y = 82 + 66. Let k = y - r. Calculate the remainder when k is divided by 12.
10
Let z be 10/25 - (-13)/5. Suppose 4*r = -z*u, 7*u = 3*u. Suppose r = 2*m + 3*m + 4*h - 52, 3*m = -h + 27. What is the remainder when 22 is divided by m?
6
Let g(l) = 4*l**2 - l + 1. Let q be g(1). Suppose 0*s = q*s + 232. Calculate the remainder when (-4 - -3)*s/2 is divided by 10.
9
Suppose -w - 1 = -6*j + 2*j, w = 2*j - 9. Let h(a) = -a**3 - 17*a**2 - a + 19. Calculate the remainder when h(w) is divided by 13.
10
Suppose 3*v = -z - 10 - 2, 2*v = -8. Suppose -2*m - 13 = -z*y - 5*y, 3*y + 2*m + 5 = 0. What is the remainder when y is divided by 1?
0
Suppose 3*d - 129 = -12. Let r = -29 + d. Calculate the remainder when 36 is divided by r.
6
Let j(h) = -h**3 + 2*h**2 + 4*h + 1. What is the remainder when 1 - 2*26/(-4) is divided by j(3)?
2
Let q(g) = -g**2 - g. Let d be q(0). Suppose r + d*r = 2. What is the remainder when 1/r - (-189)/6 is divided by 11?
10
Suppose 5*i = 19 + 21. Let v(m) = 2*m - 2*m**3 - 2 + 13 - 8*m**2 + 3*m**3. Calculate the remainder when 79 is divided by v(i).
25
Let o = -9 + 15. Let g(r) = 4*r - 5*r + 0 - 18 - 2*r. What is the remainder when o is divided by g(-7)?
0
Let w(b) = b + 13. Calculate the remainder when w(-7) is divided by 3.
0
Let c = 112 + -100. What is the remainder when 26 is divided by c?
2
Suppose -2*g = 2*g, -4*g = -a + 6. Calculate the remainder when 34 is divided by a.
4
Suppose 0*d - 5*d + 15 = 0. Let x(p) = 5*p**3 - 3*p**2 + 4*p - 3. Calculate the remainder when x(d) is divided by 30.
27
Let x(p) = p**2 + 6*p - 26. What is the remainder when x(-10) is divided by 6/(-9) - (-28)/6?
2
Suppose -11*b - 129 = -14*b. Let x = b - 22. Calculate the remainder when x is divided by 8.
5
Calculate the remainder when 17 is divided by (-36)/(-8) - 1/(-2).
2
Let c = 6 - 6. Suppose c = d + 3*d - 76. Calculate the remainder when d is divided by 7.
5
Suppose 2*u - 3*u - 1 = 0. Calculate the remainder when 35 is divided by (-37)/(-3) - u/(-3).
11
Let i = 138 - 80. Let c = i + -26. Calculate the remainder when 62 is divided by c.
30
Calculate the remainder when 54 is divided by 776/56 + (-2)/(-14).
12
Calculate the remainder when 8/(-36) + 47/9 is divided by -1 + 3 + -1 + 3.
1
Suppose 4*d = 3*a - 5, 0*a - d + 39 = 5*a. What is the remainder when 22 is divided by a?
1
Let i(h) = 2*h + 5. What is the remainder when 56 is divided by i(5)?
11
What is the remainder when 39 is divided by 94/10 + (-6)/(-10)?
9
Suppose -22 = -6*k + 4*k. Calculate the remainder when 39 is divided by k.
6
Let c = 28 - 24. What is the remainder when 14 is divided by c?
2
Let c be -1*-6*12/(-8). Calculate the remainder when (-2)/4 + (-13)/(-2) is divided by 3*((-30)/c - 2).
2
What is the remainder when 13 is divided by 6/(1 - 3) - -8?
3
Let q = -102 - -249. Suppose 0 = 2*k - 3*b - q, -k = -7*b + 2*b - 84. Suppose 0*x = 3*x - k. What is the remainder when x is divided by 8?
7
Let j(a) = -2*a**3 + 2*a**2 - 1. Let w(r) = -r**2 - 6*r - 1. Let h be w(-6). Let n be j(h). What is the remainder when (-2 + n)*(-2 + 13) is divided by 6?
5
Suppose 0 = w + 4*z + 76, w - 2*w - z = 79. Let h = -45 - w. Calculate the remainder when h is divided by 12.
11
Suppose -4*j + 37 = -19. Suppose -3*i + i = -j. What is the remainder when i + -1 + -3 - -24 is divided by 7?
6
Let b = 24 + -4. Suppose 4*x = -b, 5*x - x + 44 = 3*f. What is the remainder when 13 is divided by f?
5
Let c = 134 - 116. Calculate the remainder when 50 is divided by c.
14
Let g(j) = -j**3 - 9*j**2 - 3*j - 5. Calculate the remainder when g(-9) is divided by (-3)/((-6)/28) - 2.
10
Suppose -2*y + 4*l - 1 = -l, 5*y = -2*l + 12. Let h(w) = -3*w - 14. Calculate the remainder when h(-6) is divided by y.
0
Suppose 5*h - 12 = 2*h. Let v be (-2 - 58/(-6))*-3. Let j = -12 - v. Calculate the remainder when j is divided by h.
3
Let k be (1 - -1) + -9 + 10. Suppose u - 5 = -2*h - k, -h = 5. What is the remainder when 46 is divided by u?
10
Let k = 1 - -1. Suppose 4 = k*x + 5*v, 0*v = 5*x + 4*v - 10. Suppose -z + 3 = -2. What is the remainder when z is divided by x?
1
Suppose 122 = 3*a + 2*a + 4*j, 3 = j. Calculate the remainder when 87 is divided by a.
21
Let n(a) = a**3 - 1 + 14 - 1 + 7 - 18*a + 15*a**2. Calculate the remainder when n(-16) is divided by 13.
12
Suppose 4 = -x, -3*x - 2*x = d - 31. Suppose f + 23 = g, 3*f + 29 + 22 = 2*g. Calculate the remainder when d is divided by g.
15
Let a = 52 - 16. Calculate the remainder when a is divided by 19.
17
Let v(h) = -h**3 + 4*h**2 + 4*h + 1. Let i be v(5). Let u(t) = 2*t**2 + 5*t - 1. Calculate the remainder when 20 is divided by u(i).
9
Let y(d) = -3*d**2 - d + 1. Let q be y(1). What is the remainder when 2 + (1 - (-4 + -1)) is divided by (-10)/3*q/2?
3
Let a be ((-8)/(-16))/(1/(-22)). Let u = a + 25. What is the remainder when 53 is divided by u?
11
Calculate the remainder when 9/6 + (-59)/(-2) is divided by 17.
14
Suppose 164 = 2*d + 30. Suppose -70 = -7*l + 175. Calculate the remainder when d is divided by l.
32
Let b = -610 + 660. What is the remainder when b is divided by (15 + -2)/((-2)/(-2))?
11
Let r(q) = -q + 23. Calculate the remainder when 116 is divided by r(3).
16
Suppose 0 = -2*s + 8, g - 4*g + s + 47 = 0. What is the remainder when g is divided by 9?
8
Calculate the remainder when 18 is divided by (6 + -4)*(-10)/(-4).
3
Let y = -3 + 8. Let u(z) = z + 23. Calculate the remainder when u(-6) is divided by y.
2
Let m = 22 + -10. What is the remainder when 35 is divided by m?
11
Let q = 23 + 15. Calculate the remainder when 148 is divided by q.
34
Let a = -54 + 78. Calculate the remainder when 70 is divided by a.
22
Suppose y = -0*y + 18. Let k(l) = 36*l - 2. Calculate the remainder when k(1) is divided by y.
16
Suppose -5*x = -7*x + 42. Calculate the remainder when x is divided by 14.
7
Let a(k) = -19*k**2 - 2. Let w(h) = -h**2 - 5*h - 2. Let d be w(-4). Let m be a(d). Calculate the remainder when (-4)/6 + m/(-9) is divided by 3.
2
Let v(k) = 5*k**2 + 2*k - 1. Let m(w) be the second deri